{"id":3746,"date":"2015-04-22T08:28:19","date_gmt":"2015-04-22T08:28:19","guid":{"rendered":"http:\/\/netfirma.home.pl\/autoinstalator\/wordpress1\/?page_id=3746"},"modified":"2023-04-17T12:01:16","modified_gmt":"2023-04-17T12:01:16","slug":"strona-w-przygotowaniu","status":"publish","type":"page","link":"https:\/\/szugajew-agri.pl\/?page_id=3746","title":{"rendered":"Nasze realizacje"},"content":{"rendered":"<div  style='padding-bottom:10px; ' class='av-special-heading av-special-heading-h1  blockquote elegant-quote elegant-centered  avia-builder-el-0  el_before_av_horizontal_gallery  avia-builder-el-no-sibling  '><h1 class='av-special-heading-tag '  itemprop=\"headline\"  ><span class=\"heading-wrap\">Grupa Producent\u00f3w IDEALSAD Sp. z o.o. <\/span><\/h1><div class ='av-subheading av-subheading_below  ' style='font-size:25px;'><p>Pierwszy Smart Paker w Polsce. Stycze\u0144 2023<\/p>\n<\/div><div class='special-heading-border'><div class='special-heading-inner-border' ><\/div><\/div><\/div>\n<div  class='av-horizontal-gallery av-horizontal-gallery-large-gap av-horizontal-gallery-enlarge-effect av-horizontal-gallery-1  avia-builder-el-1  el_after_av_heading  el_before_av_heading  av-control-default '  itemprop=\"image\" itemscope=\"itemscope\" itemtype=\"https:\/\/schema.org\/ImageObject\"  style='padding: 3.75% 0px;' data-av-enlarge='1.3'  ><div class='avia-slideshow-arrows avia-slideshow-controls'><a href='#prev' class='prev-slide av-horizontal-gallery-prev' aria-hidden='true' data-av_icon='\ue87c' data-av_iconfont='entypo-fontello'>Previous<\/a><a href='#next' class='next-slide av-horizontal-gallery-next' aria-hidden='true' data-av_icon='\ue87d' data-av_iconfont='entypo-fontello'>Next <\/a><\/div><div class='av-horizontal-gallery-inner' style='padding-bottom:25%' data-av-height='25'><div class='av-horizontal-gallery-slider'><div class='av-horizontal-gallery-wrap noHover'><img class='wp-image-4232 avia-img-lazy-loading-not-4232 av-horizontal-gallery-img' width='773' height='1030' src='https:\/\/szugajew-agri.pl\/wp-content\/uploads\/2023\/04\/IMG_7260-773x1030.jpg' title='IMG_7260' alt='' \/><a href='https:\/\/szugajew-agri.pl\/wp-content\/uploads\/2023\/04\/IMG_7260-773x1030.jpg' class='av-horizontal-gallery-link' aria-hidden='true' data-av_icon='\ue869' data-av_iconfont='entypo-fontello' title='IMG_7260' alt=''><\/a><\/div><div class='av-horizontal-gallery-wrap noHover'><img class='wp-image-4231 avia-img-lazy-loading-not-4231 av-horizontal-gallery-img' width='1030' height='773' src='https:\/\/szugajew-agri.pl\/wp-content\/uploads\/2023\/04\/IMG_7259-1030x773.jpg' title='IMG_7259' alt='' \/><a href='https:\/\/szugajew-agri.pl\/wp-content\/uploads\/2023\/04\/IMG_7259-1030x773.jpg' class='av-horizontal-gallery-link' aria-hidden='true' data-av_icon='\ue869' data-av_iconfont='entypo-fontello' title='IMG_7259' alt=''><\/a><\/div><div class='av-horizontal-gallery-wrap noHover'><img class='wp-image-4229 avia-img-lazy-loading-not-4229 av-horizontal-gallery-img' width='728' height='1030' src='https:\/\/szugajew-agri.pl\/wp-content\/uploads\/2023\/04\/IMG_7257-728x1030.jpg' title='IMG_7257' alt='' \/><a href='https:\/\/szugajew-agri.pl\/wp-content\/uploads\/2023\/04\/IMG_7257-728x1030.jpg' class='av-horizontal-gallery-link' aria-hidden='true' data-av_icon='\ue869' data-av_iconfont='entypo-fontello' title='IMG_7257' alt=''><\/a><\/div><div class='av-horizontal-gallery-wrap noHover'><img class='wp-image-4230 avia-img-lazy-loading-not-4230 av-horizontal-gallery-img' width='1030' height='1027' src='https:\/\/szugajew-agri.pl\/wp-content\/uploads\/2023\/04\/IMG_7258-1030x1027.jpg' title='IMG_7258' alt='' \/><a href='https:\/\/szugajew-agri.pl\/wp-content\/uploads\/2023\/04\/IMG_7258-1030x1027.jpg' class='av-horizontal-gallery-link' aria-hidden='true' data-av_icon='\ue869' data-av_iconfont='entypo-fontello' title='IMG_7258' alt=''><\/a><\/div><div class='av-horizontal-gallery-wrap noHover'><img class='wp-image-4238 avia-img-lazy-loading-not-4238 av-horizontal-gallery-img' width='1030' height='873' src='https:\/\/szugajew-agri.pl\/wp-content\/uploads\/2023\/04\/pixie_1681293395523-1030x873.png' title='pixie_1681293395523' alt='' \/><a href='https:\/\/szugajew-agri.pl\/wp-content\/uploads\/2023\/04\/pixie_1681293395523-1030x873.png' class='av-horizontal-gallery-link' aria-hidden='true' data-av_icon='\ue869' data-av_iconfont='entypo-fontello' title='pixie_1681293395523' alt=''><\/a><\/div><\/div><\/div><\/div>\n<div  style='padding-bottom:10px; ' class='av-special-heading av-special-heading-h1  blockquote elegant-quote elegant-centered  avia-builder-el-2  el_after_av_horizontal_gallery  el_before_av_horizontal_gallery  avia-builder-el-no-sibling  '><h1 class='av-special-heading-tag '  itemprop=\"headline\"  ><span class=\"heading-wrap\">Grupa Producent\u00f3w IDEALSAD Sp. z o.o.<\/span><\/h1><div class ='av-subheading av-subheading_below  ' style='font-size:25px;'><p>Kr\u00f3tkie kana\u0142y wodne z najwy\u017cszym iBinem  w Polsce. Stycze\u0144 2023.<\/p>\n<\/div><div class='special-heading-border'><div class='special-heading-inner-border' ><\/div><\/div><\/div>\n<div  class='av-horizontal-gallery av-horizontal-gallery-large-gap av-horizontal-gallery-enlarge-effect av-horizontal-gallery-2  avia-builder-el-3  el_after_av_heading  avia-builder-el-last  av-control-default '  itemprop=\"image\" itemscope=\"itemscope\" itemtype=\"https:\/\/schema.org\/ImageObject\"  style='padding: 3.75% 0px;' data-av-enlarge='1.3'  ><div class='avia-slideshow-arrows avia-slideshow-controls'><a href='#prev' class='prev-slide av-horizontal-gallery-prev' aria-hidden='true' data-av_icon='\ue87c' data-av_iconfont='entypo-fontello'>Previous<\/a><a href='#next' class='next-slide av-horizontal-gallery-next' aria-hidden='true' data-av_icon='\ue87d' data-av_iconfont='entypo-fontello'>Next <\/a><\/div><div class='av-horizontal-gallery-inner' style='padding-bottom:25%' data-av-height='25'><div class='av-horizontal-gallery-slider'><div class='av-horizontal-gallery-wrap noHover'><img class='wp-image-4248 avia-img-lazy-loading-not-4248 av-horizontal-gallery-img' width='773' height='1030' src='https:\/\/szugajew-agri.pl\/wp-content\/uploads\/2023\/04\/IMG_7249-773x1030.jpg' title='IMG_7249' alt='' \/><a href='https:\/\/szugajew-agri.pl\/wp-content\/uploads\/2023\/04\/IMG_7249-773x1030.jpg' class='av-horizontal-gallery-link' aria-hidden='true' data-av_icon='\ue869' data-av_iconfont='entypo-fontello' title='IMG_7249' alt=''><\/a><\/div><div class='av-horizontal-gallery-wrap noHover'><img class='wp-image-4249 avia-img-lazy-loading-not-4249 av-horizontal-gallery-img' width='773' height='1030' src='https:\/\/szugajew-agri.pl\/wp-content\/uploads\/2023\/04\/IMG_7250-773x1030.jpg' title='IMG_7250' alt='' \/><a href='https:\/\/szugajew-agri.pl\/wp-content\/uploads\/2023\/04\/IMG_7250-773x1030.jpg' class='av-horizontal-gallery-link' aria-hidden='true' data-av_icon='\ue869' data-av_iconfont='entypo-fontello' title='IMG_7250' alt=''><\/a><\/div><div class='av-horizontal-gallery-wrap noHover'><img class='wp-image-4250 avia-img-lazy-loading-not-4250 av-horizontal-gallery-img' width='773' height='1030' src='https:\/\/szugajew-agri.pl\/wp-content\/uploads\/2023\/04\/IMG_7251-773x1030.jpg' title='IMG_7251' alt='' \/><a href='https:\/\/szugajew-agri.pl\/wp-content\/uploads\/2023\/04\/IMG_7251-773x1030.jpg' class='av-horizontal-gallery-link' aria-hidden='true' data-av_icon='\ue869' data-av_iconfont='entypo-fontello' title='IMG_7251' alt=''><\/a><\/div><div class='av-horizontal-gallery-wrap noHover'><img class='wp-image-4251 avia-img-lazy-loading-not-4251 av-horizontal-gallery-img' width='773' height='1030' src='https:\/\/szugajew-agri.pl\/wp-content\/uploads\/2023\/04\/IMG_7252-773x1030.jpg' title='IMG_7252' alt='' \/><a href='https:\/\/szugajew-agri.pl\/wp-content\/uploads\/2023\/04\/IMG_7252-773x1030.jpg' class='av-horizontal-gallery-link' aria-hidden='true' data-av_icon='\ue869' data-av_iconfont='entypo-fontello' title='IMG_7252' alt=''><\/a><\/div><div class='av-horizontal-gallery-wrap noHover'><img class='wp-image-4252 avia-img-lazy-loading-not-4252 av-horizontal-gallery-img' width='909' height='1030' src='https:\/\/szugajew-agri.pl\/wp-content\/uploads\/2023\/04\/IMG_7253-909x1030.jpg' title='IMG_7253' alt='' \/><a href='https:\/\/szugajew-agri.pl\/wp-content\/uploads\/2023\/04\/IMG_7253-909x1030.jpg' class='av-horizontal-gallery-link' aria-hidden='true' data-av_icon='\ue869' data-av_iconfont='entypo-fontello' title='IMG_7253' alt=''><\/a><\/div><div class='av-horizontal-gallery-wrap noHover'><img class='wp-image-4253 avia-img-lazy-loading-not-4253 av-horizontal-gallery-img' width='990' height='1030' src='https:\/\/szugajew-agri.pl\/wp-content\/uploads\/2023\/04\/IMG_7254-990x1030.jpg' title='IMG_7254' alt='' \/><a href='https:\/\/szugajew-agri.pl\/wp-content\/uploads\/2023\/04\/IMG_7254-990x1030.jpg' class='av-horizontal-gallery-link' aria-hidden='true' data-av_icon='\ue869' data-av_iconfont='entypo-fontello' title='IMG_7254' alt=''><\/a><\/div><div class='av-horizontal-gallery-wrap noHover'><img class='wp-image-4254 avia-img-lazy-loading-not-4254 av-horizontal-gallery-img' width='1030' height='795' src='https:\/\/szugajew-agri.pl\/wp-content\/uploads\/2023\/04\/IMG_7255-1030x795.jpg' title='IMG_7255' alt='' \/><a href='https:\/\/szugajew-agri.pl\/wp-content\/uploads\/2023\/04\/IMG_7255-1030x795.jpg' class='av-horizontal-gallery-link' aria-hidden='true' data-av_icon='\ue869' data-av_iconfont='entypo-fontello' title='IMG_7255' alt=''><\/a><\/div><\/div><\/div><\/div>\n","protected":false},"excerpt":{"rendered":"","protected":false},"author":1,"featured_media":4231,"parent":0,"menu_order":0,"comment_status":"open","ping_status":"closed","template":"","meta":{"footnotes":""},"_links":{"self":[{"href":"https:\/\/szugajew-agri.pl\/index.php?rest_route=\/wp\/v2\/pages\/3746"}],"collection":[{"href":"https:\/\/szugajew-agri.pl\/index.php?rest_route=\/wp\/v2\/pages"}],"about":[{"href":"https:\/\/szugajew-agri.pl\/index.php?rest_route=\/wp\/v2\/types\/page"}],"author":[{"embeddable":true,"href":"https:\/\/szugajew-agri.pl\/index.php?rest_route=\/wp\/v2\/users\/1"}],"replies":[{"embeddable":true,"href":"https:\/\/szugajew-agri.pl\/index.php?rest_route=%2Fwp%2Fv2%2Fcomments&post=3746"}],"version-history":[{"count":21,"href":"https:\/\/szugajew-agri.pl\/index.php?rest_route=\/wp\/v2\/pages\/3746\/revisions"}],"predecessor-version":[{"id":4268,"href":"https:\/\/szugajew-agri.pl\/index.php?rest_route=\/wp\/v2\/pages\/3746\/revisions\/4268"}],"wp:featuredmedia":[{"embeddable":true,"href":"https:\/\/szugajew-agri.pl\/index.php?rest_route=\/wp\/v2\/media\/4231"}],"wp:attachment":[{"href":"https:\/\/szugajew-agri.pl\/index.php?rest_route=%2Fwp%2Fv2%2Fmedia&parent=3746"}],"curies":[{"name":"wp","href":"https:\/\/api.w.org\/{rel}","templated":true}]}}