{"id":3768,"date":"2015-04-28T16:26:27","date_gmt":"2015-04-28T16:26:27","guid":{"rendered":"http:\/\/szugajew-agri.pl\/?page_id=3768"},"modified":"2015-08-13T11:51:39","modified_gmt":"2015-08-13T11:51:39","slug":"mse-2","status":"publish","type":"page","link":"https:\/\/szugajew-agri.pl\/?page_id=3768","title":{"rendered":"MSE"},"content":{"rendered":"<div class=\"flex_column av_three_fifth  flex_column_div first  avia-builder-el-0  el_before_av_two_fifth  avia-builder-el-first  \" ><p><section class=\"av_textblock_section \"  itemscope=\"itemscope\" itemtype=\"https:\/\/schema.org\/CreativeWork\" ><div class='avia_textblock  '   itemprop=\"text\" ><p><a href=\"https:\/\/szugajew-agri.pl\/wp-content\/uploads\/2013\/04\/mse-kopia.jpg\"><img loading=\"lazy\" decoding=\"async\" class=\"alignleft size-full wp-image-3765\" src=\"https:\/\/szugajew-agri.pl\/wp-content\/uploads\/2013\/04\/mse-kopia.jpg\" alt=\"mse kopia\" width=\"250\" height=\"212\" \/><\/a> Pierwsza elektroniczna maszyna Greefa MSE. Nie zawodna, w pe\u0142ni modu\u0142owa i solidna konstrukcja.<\/p>\n<\/div><\/section><br \/>\n<div class='avia-data-table-wrap avia_responsive_table'><table  class='avia-table avia-data-table avia-table-1  avia-builder-el-2  el_after_av_textblock  el_before_av_textblock  avia_pricing_default '  itemscope=\"itemscope\" itemtype=\"https:\/\/schema.org\/Table\" ><caption>Specyfikacja techniczna<\/caption><tbody><tr class=''><td class=''>Przeznaczona do sortowania:<\/td><td class=''>jab\u0142ek, gruszek, papryki, pomidor\u00f3w, mango, pomara\u0144czy, mandarynek, klementynek, nektarynek, brzoskwi\u0144, cytryn, limonek, kiwi, \u015bliwek<\/td><\/tr><tr class=''><td class=''>Dost\u0119pne systemy pomiarowe:<\/td><td class=''>rozmiar, kolor, waga, iQS jako\u015b\u0107 zew., iFA jako\u015b\u0107 wew.<\/td><\/tr><tr class=''><td class=''>Ilo\u015b\u0107 \u015bcie\u017cek:<\/td><td class=''>2-10<\/td><\/tr><tr class=''><td class=''>Max. szybko\u015b\u0107 sortowania:<\/td><td class=''>5 produkt\u00f3w\/sekund\u0119\/\u015bcie\u017ck\u0119<\/td><\/tr><tr class=''><td class=''>Max. d\u0142ugo\u015b\u0107 maszyny:<\/td><td class=''>do 70 metr\u00f3w<\/td><\/tr><tr class=''><td class=''>Wielko\u015b\u0107 produkt\u00f3w (min-max):<\/td><td class=''>40-120 mm<\/td><\/tr><tr class=''><td class=''>Waga produkt\u00f3w (min-max):<\/td><td class=''>20-500 gram\u00f3w<\/td><\/tr><\/tbody><\/table><\/div><style type='text\/css'><\/style><br \/>\n<section class=\"av_textblock_section \"  itemscope=\"itemscope\" itemtype=\"https:\/\/schema.org\/CreativeWork\" ><div class='avia_textblock  '   itemprop=\"text\" ><p><a href=\"https:\/\/szugajew-agri.pl\/wp-content\/uploads\/2015\/03\/pdf.jpg\"><img loading=\"lazy\" decoding=\"async\" class=\"alignleft size-full wp-image-3392\" src=\"https:\/\/szugajew-agri.pl\/wp-content\/uploads\/2015\/03\/pdf.jpg\" alt=\"pdf\" width=\"90\" height=\"90\" srcset=\"https:\/\/szugajew-agri.pl\/wp-content\/uploads\/2015\/03\/pdf.jpg 90w, https:\/\/szugajew-agri.pl\/wp-content\/uploads\/2015\/03\/pdf-80x80.jpg 80w, https:\/\/szugajew-agri.pl\/wp-content\/uploads\/2015\/03\/pdf-36x36.jpg 36w\" sizes=\"(max-width: 90px) 100vw, 90px\" \/><\/a><\/p>\n<div  class='avia-button-wrap avia-button-left  avia-builder-el-4  avia-builder-el-no-sibling ' ><a href='http:\/\/www.szugajew-agri.pl\/ulotki\/MSE_WWW.pdf'  class='avia-button   avia-icon_select-yes-left-icon avia-size-medium avia-position-left '  target=\"_blank\"  rel=\"noopener noreferrer\" style='background-color:#a9d043; border-color:#a9d043; color:#ffffff; ' ><span class='avia_button_icon avia_button_icon_left ' aria-hidden='true' data-av_icon='\ue850' data-av_iconfont='entypo-fontello'><\/span><span class='avia_iconbox_title' >Pobierz ulotk\u0119<\/span><\/a><\/div>\n<\/div><\/section><br \/>\n<div   class='hr hr-default   avia-builder-el-5  el_after_av_textblock  avia-builder-el-last '><span class='hr-inner ' ><span class='hr-inner-style'><\/span><\/span><\/div><\/p><\/div>\n<div class=\"flex_column av_two_fifth  flex_column_div   avia-builder-el-6  el_after_av_three_fifth  avia-builder-el-last  \" ><p><div  class='avia-video avia-video-16-9   av-lazyload-immediate  av-lazyload-video-embed  '   itemprop=\"video\" itemtype=\"https:\/\/schema.org\/VideoObject\"  data-original_url='https:\/\/www.youtube.com\/watch?v=uROHsIddoWk' ><script type='text\/html' class='av-video-tmpl'><div class='avia-iframe-wrap'><iframe loading=\"lazy\" width=\"1333\" height=\"1000\" src=\"https:\/\/www.youtube.com\/embed\/uROHsIddoWk?feature=oembed&autoplay=0&loop=0&controls=1&mute=0\" frameborder=\"0\" allowfullscreen><\/iframe><\/div><\/script><div class='av-click-to-play-overlay'><div class=\"avia_playpause_icon\"><\/div><\/div><\/div><br \/>\n<div  class='avia-video avia-video-16-9   av-lazyload-immediate  av-lazyload-video-embed  '   itemprop=\"video\" itemtype=\"https:\/\/schema.org\/VideoObject\"  data-original_url='https:\/\/www.youtube.com\/watch?v=UGGUJJ_xbYs' ><script type='text\/html' class='av-video-tmpl'><div class='avia-iframe-wrap'><iframe loading=\"lazy\" width=\"1500\" height=\"844\" src=\"https:\/\/www.youtube.com\/embed\/UGGUJJ_xbYs?feature=oembed&autoplay=0&loop=0&controls=1&mute=0\" frameborder=\"0\" allowfullscreen><\/iframe><\/div><\/script><div class='av-click-to-play-overlay'><div class=\"avia_playpause_icon\"><\/div><\/div><\/div><br \/>\n<form action=\"https:\/\/szugajew-agri.pl\/?page_id=3768\" method=\"post\"  class=\"avia_ajax_form av-form-labels-visible   avia-builder-el-9  el_after_av_video  avia-builder-el-last   \" data-avia-form-id=\"1\" data-avia-redirect='' ><h3 class=''>Zapytanie o produkt<\/h3><fieldset><p class='  first_form  form_element form_fullwidth' id='element_avia_1_1'><label for=\"avia_1_1\">Imi\u0119 i Nazwisko <abbr class=\"required\" title=\"required\">*<\/abbr><\/label> <input name=\"avia_1_1\" class=\"text_input is_empty\" type=\"text\" id=\"avia_1_1\" value=\"\" \/><\/p><p class='  first_form  form_element form_fullwidth' id='element_avia_2_1'><label for=\"avia_2_1\">E-Mail <abbr class=\"required\" title=\"required\">*<\/abbr><\/label> <input name=\"avia_2_1\" class=\"text_input is_email\" type=\"text\" id=\"avia_2_1\" value=\"\" \/><\/p><p class='  first_form  form_element form_fullwidth' id='element_avia_3_1'><label for=\"avia_3_1\">Telefon <abbr class=\"required\" title=\"required\">*<\/abbr><\/label> <input name=\"avia_3_1\" class=\"text_input is_phone\" type=\"text\" id=\"avia_3_1\" value=\"\" \/><\/p><p class='  first_form  form_element form_fullwidth' id='element_avia_4_1'><label for=\"avia_4_1\">Temat <abbr class=\"required\" title=\"required\">*<\/abbr><\/label> <input name=\"avia_4_1\" class=\"text_input is_empty\" type=\"text\" id=\"avia_4_1\" value=\"\" \/><\/p><p class='  first_form  form_element form_fullwidth' id='element_avia_5_1'><label for=\"avia_5_1\" class=\"textare_label hidden textare_label_avia_5_1\">Tre\u015b\u0107<\/label><textarea  name=\"avia_5_1\" class=\"text_area \" cols=\"40\" rows=\"7\" id=\"avia_5_1\" ><\/textarea><\/p><p class=\"hidden\"><input type=\"text\" name=\"avia_6_1\" class=\"hidden \" id=\"avia_6_1\" value=\"\" \/><\/p><p class='   form_element form_fullwidth' id='element_avia_7_1'><span class='value_verifier_label'>1 + 6 = ?<\/span><input name=\"avia_7_1_verifier\" type=\"hidden\" id=\"avia_7_1_verifier\" value=\"741472177\"\/><label for=\"avia_7_1\">Please prove that you are human by solving the equation <abbr class=\"required\" title=\"required\">*<\/abbr><\/label><input name=\"avia_7_1\" class=\"text_input captcha\" type=\"text\" id=\"avia_7_1\" value=\"\"\/><\/p><p class=\"form_element \"><input type=\"hidden\" value=\"1\" name=\"avia_generated_form1\" \/><input type=\"submit\" value=\"Wy\u015blij\" class=\"button\"  data-sending-label=\"Trwa wysy\u0142anie...\"\/><\/p><\/fieldset><\/form><div id=\"ajaxresponse_1\" class=\"ajaxresponse ajaxresponse_1 hidden\"><\/div><\/p><\/div>\n","protected":false},"excerpt":{"rendered":"","protected":false},"author":1,"featured_media":0,"parent":1336,"menu_order":0,"comment_status":"open","ping_status":"open","template":"","meta":{"footnotes":""},"_links":{"self":[{"href":"https:\/\/szugajew-agri.pl\/index.php?rest_route=\/wp\/v2\/pages\/3768"}],"collection":[{"href":"https:\/\/szugajew-agri.pl\/index.php?rest_route=\/wp\/v2\/pages"}],"about":[{"href":"https:\/\/szugajew-agri.pl\/index.php?rest_route=\/wp\/v2\/types\/page"}],"author":[{"embeddable":true,"href":"https:\/\/szugajew-agri.pl\/index.php?rest_route=\/wp\/v2\/users\/1"}],"replies":[{"embeddable":true,"href":"https:\/\/szugajew-agri.pl\/index.php?rest_route=%2Fwp%2Fv2%2Fcomments&post=3768"}],"version-history":[{"count":6,"href":"https:\/\/szugajew-agri.pl\/index.php?rest_route=\/wp\/v2\/pages\/3768\/revisions"}],"predecessor-version":[{"id":3871,"href":"https:\/\/szugajew-agri.pl\/index.php?rest_route=\/wp\/v2\/pages\/3768\/revisions\/3871"}],"up":[{"embeddable":true,"href":"https:\/\/szugajew-agri.pl\/index.php?rest_route=\/wp\/v2\/pages\/1336"}],"wp:attachment":[{"href":"https:\/\/szugajew-agri.pl\/index.php?rest_route=%2Fwp%2Fv2%2Fmedia&parent=3768"}],"curies":[{"name":"wp","href":"https:\/\/api.w.org\/{rel}","templated":true}]}}